. What is the remainder when 213 is divided by n?
9
Let r = 1734 - 1604. What is the remainder when r is divided by 33?
31
Let v(c) = -c**3 + 22*c**2 + 6*c - 22. Let d be v(22). Let t = 171 - d. What is the remainder when t is divided by 32?
29
Let d = -41 - -80. Suppose 25*o = 22*o + 459. Calculate the remainder when o is divided by d.
36
Let x = -12 + 45. Suppose -3*q - 4*u - x + 366 = 0, 3*q = u + 318. What is the remainder when q is divided by 27?
26
Let b be 228/60 - 2/(-10). Suppose -b*w + 0*a + 818 = 2*a, -w + 4*a + 218 = 0. Suppose -6*k = -328 - w. What is the remainder when k is divided by 15?
14
Let j = 1059 + -864. Calculate the remainder when j is divided by 102.
93
Suppose -6*l + 130 = 4. What is the remainder when 165 is divided by l?
18
Suppose -3*q + 45 = 3*w, -4*q + 0*w + 55 = 3*w. What is the remainder when (q - 4 - 4) + 49 is divided by ((-26)/(-8))/((-1)/(-4))?
12
Let n = -26 - -31. Suppose n*p + 12 = 8*p. Calculate the remainder when 26 is divided by p.
2
Let s(b) = 30*b + 1. Let p(d) = d**2 - 5. What is the remainder when s(1) is divided by p(-3)?
3
Suppose 4*f - 4*q - 16 = 0, 0 = -4*q + 4 + 8. Suppose 7*i - 72 = 3*i. What is the remainder when i is divided by f?
4
Suppose 5*h + 4*f - 85 = 0, -2*f = -5*h + f + 50. Calculate the remainder when 77 is divided by h.
12
Suppose b - 289 = -34*k + 29*k, 265 = b - 3*k. What is the remainder when b is divided by 23?
21
Let p(t) = -2*t**2 - 9*t + 11. Let a = 16 - 21. Let q be p(a). What is the remainder when q*1*231/22 is divided by 22?
19
Suppose 17*y = 209 + 692. What is the remainder when 167 is divided by y?
8
Let z(v) = v + 9. Let d = -192 + 202. What is the remainder when z(8) is divided by d?
7
Let l(z) = z**2 - 15*z - 298. What is the remainder when l(29) is divided by 50?
8
What is the remainder when 83 is divided by 2 + 6*5/15?
3
Let r = -29722 + 29732. What is the remainder when r is divided by (-4)/10 + 37/5?
3
Let b(k) = -k**2 + 0 - 934*k + 1 + 922*k. Calculate the remainder when 35 is divided by b(-11).
11
Suppose -4*l + 46 = t, -10*t + 6*t + 5*l + 79 = 0. Calculate the remainder when t is divided by 15.
11
Calculate the remainder when 710/7 - (-17)/((-357)/9) is divided by 13.
10
Let h(k) = -8*k. Let g(w) = 3*w. Let x(t) = 7*g(t) + 3*h(t). What is the remainder when 25 is divided by x(-3)?
7
Let a(t) = 2*t**3 + 3*t**2 + 2*t + 1. Calculate the remainder when 62 is divided by a(2).
29
Suppose 0*d - 41 = -5*d + 3*z, 34 = 4*d - 2*z. Suppose -107 = -5*p - 12. Let j = 18 + p. Calculate the remainder when j is divided by d.
7
Let w = -20 + 21. Suppose 2*y + w = -3, 0 = h - 5*y - 49. Calculate the remainder when h is divided by 14.
11
Suppose 337 = 9*n - 212. Let l = 42 - 29. What is the remainder when n is divided by l?
9
Suppose -5*x - 3*x + 7328 = 0. What is the remainder when x is divided by 102?
100
Let o(m) = -8*m + 1. Suppose -9*p = -240 - 192. Calculate the remainder when p is divided by o(-3).
23
Let a(o) = -15*o + 5. Let r(m) = 16*m - 5. Let q be (-2)/3*(3 + 0). Let j(z) = q*r(z) - 3*a(z). Calculate the remainder when 66 is divided by j(3).
32
Let g(m) = m**3 + 12*m**2 - m + 1. What is the remainder when (-155)/2*26/(-65) is divided by g(-12)?
5
Let p(f) = f**2 + 10*f + 10. Let q be p(-8). Let n = 13 - -5. What is the remainder when (3 + 0)/(q/(-178)) is divided by n?
17
Suppose -2*s + 102 = -32. What is the remainder when s is divided by 1?
0
Suppose q + 4*q - 3*r - 4 = 0, -2*q = 3*r - 10. Let u = 0 + q. Suppose -2*m + 4*m = -y + 28, y = 4*m - u. What is the remainder when y is divided by 10?
8
Let z be ((-21)/(-28))/((-1)/(-8)). Let w(q) = 5*q. Calculate the remainder when w(z) is divided by (65/(-15) - -5)/(2/24).
6
Let m(j) = 11*j + 1. Let t be m(1). Let a(d) = -17*d + 1. Let i be a(-3). Calculate the remainder when 50 is divided by (t/8)/(6/i).
11
Let g = -1594 + 2251. What is the remainder when g is divided by 110?
107
Let h = 228 - 109. Calculate the remainder when h is divided by 18.
11
Let k = -63 + 113. Calculate the remainder when k is divided by 140/40*238/49.
16
Let o(k) = -2*k + 12. Let w be o(7). Calculate the remainder when 53 - ((-10)/4 + 3/w) is divided by 32.
25
Suppose 53*z - 2070 = 47*z. What is the remainder when z is divided by 37?
12
Let k(d) = 2*d - 8. Suppose 18*f + 40 = 13*f. Let u(n) = n**2 + 8*n + 19. What is the remainder when u(f) is divided by k(6)?
3
Let h(b) = 3*b + 399. Let n be h(0). Let k = n + -260. Calculate the remainder when k is divided by 29.
23
Calculate the remainder when (45 - 5)*6/12 is divided by 2.
0
Let y(k) = k**2 + 12*k - 7. Let r be y(-13). What is the remainder when 54 is divided by -3*15*(4 - 26/r)?
9
Let f = -26 + 30. Suppose -4*b = f*a - 3 - 101, -2*b + 3*a = -57. Calculate the remainder when b is divided by 6.
3
Let q(m) = m - 1. Let r(x) = 1. Let p(y) = -q(y) + r(y). What is the remainder when p(-19) is divided by 7?
0
Let t(w) = -w**3 - 25*w**2 - 81*w - 165. What is the remainder when t(-22) is divided by 34?
29
Let i = 54 + 114. Let k be i/(-77) - 4/(-22). Calculate the remainder when 38 is divided by 153/12 - k/8.
12
Suppose -14*d + 15*d - 2939 = -4*j, 2*j + 2*d = 1474. Calculate the remainder when j is divided by 67.
64
Calculate the remainder when 541 is divided by (204/15)/(10/25).
31
Let d(p) = -22 + 4 + 14*p - 41 + 5. Calculate the remainder when 46 is divided by d(5).
14
Let x be 2/(2*(-3)/6). What is the remainder when 87 is divided by 20 + ((-3)/(-3) - (-6)/x)?
15
Let u be 6/(-4)*64/(-24). Let b = 10 - u. Let g(z) = z + 2. What is the remainder when 21 is divided by g(b)?
5
Let l = -13 + 90. Let f = l + -68. Calculate the remainder when 22 is divided by f.
4
Let v be -1 - (-5792)/14 - (-30)/105. Suppose 0*u - v = -7*u. What is the remainder when u is divided by 12?
11
Suppose -3*m + 12 + 3 = 0. Suppose m*p - 20 = 0, -t + 2*p - 4*p + 37 = 0. Suppose -c + t = -0*c. Calculate the remainder when c is divided by 6.
5
Let x(t) = -12*t + 17 - 20 - 12. What is the remainder when 97 is divided by x(-4)?
31
Suppose 485 = 11*m - 681. What is the remainder when m is divided by 27?
25
Let p = -160 + 296. Suppose -299 = -4*z + l, -z + 3*z + 4*l = p. Calculate the remainder when z is divided by 15.
14
Let r be 1*(0 - -2) + 0. Let u = 36 + -22. Calculate the remainder when 236/u + r/14 is divided by 6.
5
Let p(y) = y**3 - 12*y**2 + 12*y - 4. Let q = 9 + 2. Calculate the remainder when 13 is divided by p(q).
6
Suppose -q + j = -223, 0 = -5*q + 5*j - 2*j + 1115. Calculate the remainder when q is divided by 32.
31
Let h be (3 + -3)/(12/(-4)). Suppose s = -o + 64, h*s - 3*o - 222 = -3*s. What is the remainder when s is divided by 26?
17
Suppose 35*w - 917 - 938 = 0. Calculate the remainder when w is divided by 10.
3
Let n be 8 - (2 + 3/3). Suppose -n*o = -10*o + 235. Calculate the remainder when o is divided by 26.
21
Suppose 0*o + 5*o = -f + 93, 15 = 5*f. What is the remainder when 212 is divided by o?
14
Let s = -29 - -34. Suppose -j = s, 0*y = -y + 4*j + 25. Suppose 62 = 4*d + 5*h, 4*d - d + h = 41. What is the remainder when d is divided by y?
3
Suppose -n + 26 = 3*b, -4*n - 3*b + 19 = -121. Suppose -k + 4*z + 16 = 0, -n = -0*k - 2*k + 5*z. Calculate the remainder when 71 is divided by k.
23
Let j = -36 + 41. Suppose h + 4*i = j, 2*h = h - 5*i. What is the remainder when h is divided by 13?
12
Suppose 221*z - 459 = 6613. Suppose 0 = -5*o + 37 + 3. What is the remainder when z is divided by o?
0
Suppose 10*f + 7*f = 612. Calculate the remainder when f is divided by 20.
16
Let x(i) = i**2 - 3*i - 7. Let n(t) = 11*t**3 + 2*t**2 - 2*t + 1. Let f be n(1). Suppose -f = -2*r - 0. What is the remainder when 20 is divided by x(r)?
9
Let x = 522 - 494. What is the remainder when x is divided by 15?
13
Calculate the remainder when ((-44)/(-12) + 1)/(6/441) is divided by 15.
13
Let u = -53 - -57. What is the remainder when 59 - (3 + (0/u)/(-3)) is divided by 21?
14
Calculate the remainder when -243*8/(-18)*15/10 is divided by 29.
17
Let o(b) = -3*b + 1. Let n be o(-7). Suppose 5*d - 18 - n = 0. Suppose -d = -z - 0. What is the remainder when 31 is divided by z?
7
Let x(f) = -5*f + 0*f**2 + f**2 - 3*f**2 + 7. Let v be x(-5). What is the remainder when ((-12)/v)/((-1)/(-102)) is divided by 23?
22
Suppose -y - 4*v - 124 =